at is the hundreds digit of 268?
2
What is the hundreds digit of 22418?
4
What is the tens digit of 13699?
9
What is the tens digit of 22108?
0
What is the units digit of 84?
4
What is the thousands digit of 4467?
4
What is the units digit of 2990?
0
What is the thousands digit of 2449?
2
What is the tens digit of 47118?
1
What is the thousands digit of 3293?
3
What is the units digit of 73?
3
What is the ten thousands digit of 11681?
1
What is the tens digit of 794?
9
What is the thousands digit of 33088?
3
What is the tens digit of 11950?
5
What is the units digit of 448?
8
What is the tens digit of 4352?
5
What is the units digit of 12678?
8
What is the hundreds digit of 2385?
3
What is the units digit of 9233?
3
What is the hundreds digit of 1626?
6
What is the hundreds digit of 1742?
7
What is the hundreds digit of 10451?
4
What is the units digit of 48507?
7
What is the hundreds digit of 5184?
1
What is the thousands digit of 61014?
1
What is the ten thousands digit of 124307?
2
What is the ten thousands digit of 76496?
7
What is the hundreds digit of 28647?
6
What is the thousands digit of 1895?
1
What is the hundreds digit of 5304?
3
What is the tens digit of 372?
7
What is the thousands digit of 47668?
7
What is the tens digit of 86?
8
What is the units digit of 3552?
2
What is the tens digit of 10493?
9
What is the tens digit of 5791?
9
What is the hundreds digit of 481?
4
What is the hundreds digit of 128?
1
What is the hundreds digit of 102?
1
What is the thousands digit of 85421?
5
What is the units digit of 597?
7
What is the hundreds digit of 1828?
8
What is the units digit of 49488?
8
What is the ten thousands digit of 81536?
8
What is the thousands digit of 116612?
6
What is the thousands digit of 69462?
9
What is the units digit of 719?
9
What is the hundreds digit of 1402?
4
What is the thousands digit of 2501?
2
What is the units digit of 66?
6
What is the thousands digit of 1297?
1
What is the tens digit of 1389?
8
What is the ten thousands digit of 11202?
1
What is the tens digit of 954?
5
What is the units digit of 131?
1
What is the units digit of 874?
4
What is the tens digit of 7915?
1
What is the units digit of 21174?
4
What is the thousands digit of 43264?
3
What is the hundreds digit of 1953?
9
What is the hundreds digit of 63021?
0
What is the units digit of 2859?
9
What is the thousands digit of 115228?
5
What is the units digit of 12923?
3
What is the thousands digit of 1517?
1
What is the units digit of 474?
4
What is the hundreds digit of 39086?
0
What is the hundreds digit of 13965?
9
What is the hundreds digit of 50609?
6
What is the hundred thousands digit of 126385?
1
What is the tens digit of 1168?
6
What is the thousands digit of 67729?
7
What is the tens digit of 629?
2
What is the units digit of 483?
3
What is the units digit of 15982?
2
What is the hundreds digit of 888?
8
What is the hundreds digit of 8823?
8
What is the tens digit of 11112?
1
What is the ten thousands digit of 25135?
2
What is the units digit of 3441?
1
What is the tens digit of 5459?
5
What is the hundreds digit of 2357?
3
What is the units digit of 20510?
0
What is the units digit of 1492?
2
What is the hundreds digit of 1344?
3
What is the tens digit of 1210?
1
What is the units digit of 1138?
8
What is the units digit of 860?
0
What is the thousands digit of 51555?
1
What is the hundreds digit of 35468?
4
What is the units digit of 51?
1
What is the units digit of 25599?
9
What is the hundreds digit of 68347?
3
What is the thousands digit of 6979?
6
What is the thousands digit of 5007?
5
What is the units digit of 928?
8
What is the thousands digit of 1472?
1
What is the units digit of 3006?
6
What is the tens digit of 21648?
4
What is the hundreds digit of 5771?
7
What is the units digit of 16853?
3
What is the hundreds digit of 76396?
3
What is the units digit of 20196?
6
What is the tens digit of 357?
5
What is the units digit of 290?
0
What is the tens digit of 9146?
4
What is the units digit of 657?
7
What is the tens digit of 26850?
5
What is the tens digit of 2871?
7
What is the units digit of 2506?
6
What is the hundreds digit of 967?
9
What is the thousands digit of 9503?
9
What is the tens digit of 7377?
7
What is the units digit of 956?
6
What is the hundred thousands digit of 123293?
1
What is the tens digit of 136?
3
What is the tens digit of 1173?
7
What is the hundreds digit of 3959?
9
What is the tens digit of 45206?
0
What is the units digit of 2253?
3
What is the tens digit of 17731?
3
What is the units digit of 1031?
1
What is the units digit of 406?
6
What is the units digit of 3305?
5
What is the units digit of 5937?
7
What is the thousands digit of 94249?
4
What is the hundreds digit of 987?
9
What is the tens digit of 516?
1
What is the thousands digit of 1397?
1
What is the tens digit of 14293?
9
What is the tens digit of 5859?
5
What is the units digit of 137934?
4
What is the tens digit of 4849?
4
What is the hundreds digit of 846?
8
What is the hundreds digit of 633?
6
What is the hundreds digit of 5280?
2
What is the thousands digit of 6881?
6
What is the units digit of 3920?
0
What is the tens digit of 1699?
9
What is the tens digit of 33?
3
What is the tens digit of 434?
3
What is the ten thousands digit of 21981?
2
What is the thousands digit of 1660?
1
What is the units digit of 2262?
2
What is the units digit of 17034?
4
What is the hundreds digit of 1271?
2
What is the units digit of 1927?
7
What is the hundreds digit of 71180?
1
What is the hundreds digit of 69583?
5
What is the ten thousands digit of 55764?
5
What is the hundreds digit of 8094?
0
What is the hundreds digit of 687?
6
What is the hundreds digit of 1384?
3
What is the units digit of 30518?
8
What is the units digit of 1396?
6
What is the units digit of 771?
1
What is the tens digit of 6103?
0
What is the ten thousands digit of 13926?
1
What is the thousands digit of 5270?
5
What is the thousands digit of 2402?
2
What is the tens digit of 9148?
4
What is the tens digit of 8670?
7
What is the units digit of 41950?
0
What is the units digit of 5759?
9
What is the thousands digit of 4225?
4
What is the units digit of 39757?
7
What is the units digit of 3561?
1
What is the tens digit of 1351?
5
What is the tens digit of 61104?
0
What is the tens digit of 71415?
1
What is the hundreds digit of 2759?
7
What is the units digit of 65173?
3
What is the thousands digit of 27021?
7
What is the units digit of 1297?
7
What is the units digit of 1925?
5
What is the tens digit of 30821?
2
What is the units digit of 58064?
4
What is the ten thousands digit of 17736?
1
What is the thousands digit of 14630?
4
What is the hundreds digit of 201?
2
What is the thousands digit of 5313?
5
What is the tens digit of 3534?
3
What is the ten thousands digit of 19552?
1
What is the thousands digit of 13320?
3
What is the hundreds digit of 43756?
7
What is the thousands digit of 5637?
5
What is the thousands digit of 26524?
6
What is the units digit of 734?
4
What is the units digit of 1400?
0
What is the ten thousands digit of 51058?
5
What is the hundreds digit of 6008?
0
What is the thousands digit of 2374?
2
What is the units digit of 2544?
4
What is the ten thousands digit of 88576?
8
What is the hundreds digit of 75896?
8
What is the units digit of 4939?
9
What is the hundreds digit of 1458?
4
What is the tens digit of 12793?
9
What is the hundreds digit of 3377?
3
What is the tens digit of 417?
1
What is the units digit of 17072?
2
What is the hundreds digit of 1196?
1
What is the hundreds digit of 15583?
5
What is the tens digit of 4055?
5
What is the units digit of 3572?
2
What is the tens digit of 4215?
1
What is the tens digit of 112469?
6
What is the hundred thousands digit of 173054?
1
What is the thousands digit of 5338?
5
What is the hundreds digit of 2584?
5
What is the hundreds digit of 4603?
6
What is the units digit of 101?
1
What is the units digit of 1263?
3
What is the hundreds digit of 19284?
2
What is the units digit of 2950?
0
What is the hundreds digit of 18224?
2
What is the tens digit of 389?
8
What is the units digit of 3094?
4
What is the thousands digit of 5715?
5
What is the hundreds digit of 440?
4
What is the thousands d